135, -4*i + 120 = -4*d. Suppose x - 5 = -2. What are the prime factors of x/(3*3/i)?
2, 5
Let l = 22 - 5. Let c = -9 + l. List the prime factors of c.
2
Let a(x) = 7*x**2 - 2*x + 3. List the prime factors of a(2).
3
Let c = 96 + -56. Let k be -1 - (-2 - (2 + 1)). What are the prime factors of c/18 + k/(-18)?
2
Let c(d) = -d**3 + 9*d**2 + 10*d. Let j be c(10). Let w(m) = m**2 + m + 60. What are the prime factors of w(j)?
2, 3, 5
Let v be 24/14 + 4/14. Suppose j - 4 = -0*j - s, v*j = -5*s - 1. What are the prime factors of j?
7
Let k(o) = o**3 + o - 9. Let z be k(0). List the prime factors of ((-54)/z)/(3/2).
2
Let n(l) = 4*l + 3 - 7*l + l**3 + 0*l. Let p be n(2). Suppose -5*a + 29 = -g, -p*a - 3*g = -3*a + 2. What are the prime factors of a?
5
Suppose 82 = 3*u - 3*t - 14, 5*u + t = 178. Suppose -2*r - 3 = -u. Suppose 2*b + 2*b = r. What are the prime factors of b?
2
Let a = -4 + 6. Suppose 9 = -i - 0*i + a*d, 4*i + 5*d = 29. What are the prime factors of 2*i*45/6?
3, 5
Let b(i) be the second derivative of -i**4/12 - i**3 + 4*i**2 - 2*i. Let f be b(-6). List the prime factors of 1 + 1 + -1 + f.
3
Suppose -3*x + 9 = 2*x - 3*n, 4*x + 6 = -2*n. Suppose 2*w - 28 = -x*w. What are the prime factors of w?
2, 7
Let s(i) = -i - 1. Let m(f) = -2*f**2 - 5. Let q(j) = -m(j) + 3*s(j). List the prime factors of q(3).
11
Suppose 3*f + 5*p = 2*f + 46, 45 = f + 4*p. What are the prime factors of f?
41
Suppose -o - 3 = c - 0*o, 0 = 2*c - 2*o + 2. List the prime factors of c/7 + 326/14.
23
Let a = 284 - 177. What are the prime factors of a?
107
Let l(t) = 2*t - 1. Let j be l(2). Suppose 0 = -4*q + 5*h + 32, h = 2*q - j*h - 16. Suppose 0 = 3*d - 7 - q. List the prime factors of d.
5
Let w(b) = -b**3 - 9*b**2 - 2*b - 12. Let g be w(-9). Let m be (g*(-1 - -2))/2. List the prime factors of (14/m)/(2/3).
7
Let j = 17 - 12. Suppose j*g - 23 - 52 = 0. List the prime factors of g.
3, 5
List the prime factors of (-112)/(4 - 20/4).
2, 7
Let w(o) = o + 6. Let t be w(-7). Let h be (-4)/6*18*t. Let r = -1 + h. List the prime factors of r.
11
Let a = 18 - 13. Let j(d) = -2*d - 3. Let q be j(a). Let o = -2 - q. List the prime factors of o.
11
Suppose -3*y = 2*y - 5*d - 30, 16 = 3*y - d. Suppose -20 = -0*u - y*u. What are the prime factors of u?
2
Suppose u = 5*z - 2*u - 59, -4*u = -3*z + 42. List the prime factors of z.
2, 5
Let f = 21 + -7. Let y = f + -1. List the prime factors of y.
13
What are the prime factors of (-9)/(-6)*(-462)/(-9)?
7, 11
Let p(k) = -k**3 + 4*k**2 + 3. Let h be p(3). Suppose x - h = -x. What are the prime factors of (-3)/x - 18/(-4)?
2
Let q = -19 - -27. Suppose -7*g = -q*g + 24. List the prime factors of g.
2, 3
Let t = -58 - -89. Let r = 47 - t. Let u = r + -9. What are the prime factors of u?
7
Let k be (-1)/(-2) - 35/(-2). Let s = -7 + k. List the prime factors of s.
11
Let z = 4 - 0. Suppose j = z*j - 27. List the prime factors of 114/j + 2/(-3).
2, 3
Suppose 5*q + 4*v - 18 = 7, 5*v = 0. Suppose 81 = q*w + 3*p, p + 2*p = 2*w - 45. List the prime factors of w.
2, 3
Suppose 3*z - 2*z - 39 = 0. What are the prime factors of z?
3, 13
Let t = 71 - 14. What are the prime factors of t?
3, 19
Let f(u) = u**2 + 6*u - 3. Let c be f(-5). Let h(r) = -5*r - 10. Let a be h(c). Suppose -4*b + 34 = -a. What are the prime factors of b?
2
Let w = -79 + 147. List the prime factors of w.
2, 17
Suppose 3*d + 2*d = 0. Suppose 90 = -3*j - d. Let z = -17 - j. List the prime factors of z.
13
List the prime factors of ((-745)/10)/(2/(-4)).
149
Suppose -3*q + t - 22 = 0, 2*q + 2*t = 4*t - 12. Let l = q - -11. Suppose -48 = -l*s - s. What are the prime factors of s?
2, 3
Suppose -731 - 189 = -4*s. List the prime factors of s.
2, 5, 23
Suppose -i = 76 - 138. List the prime factors of i.
2, 31
Let c(p) be the second derivative of p**4/12 + 5*p**3/6 - 3*p**2/2 - 2*p. Let k = -13 - -7. List the prime factors of c(k).
3
Let s = 69 - 26. Let q = s - 29. What are the prime factors of q?
2, 7
Let x = -205 + 363. What are the prime factors of x?
2, 79
Let h = 6 - 4. What are the prime factors of 11 - 2/(-1) - h?
11
Let j be ((-6)/(-8))/(1/(-4)). What are the prime factors of 16 - (3/j + 2)?
3, 5
Let f(v) = -v - 7. Let p be f(-5). Let m = 3 - p. List the prime factors of m.
5
Let z(g) = g**3 + 6*g**2 + 6*g + 12. Let x be z(-6). Suppose -5*v + 5*s = 40, 2*s - 80 = 5*v + 7*s. Let y = v - x. What are the prime factors of y?
2, 3
What are the prime factors of (-2)/7 + 107/7?
3, 5
Suppose 2*b + 4 = 3*b. Suppose 5*s - b*s = 20. What are the prime factors of s?
2, 5
List the prime factors of (6 - 4)*105/6.
5, 7
Let t(v) = 3*v**2 + 5*v - 6. Let l be t(-6). Suppose -f + 303 = -l. List the prime factors of f/18 + (-1)/(-6).
3, 7
Suppose -3*o + 15 = 2*o. Let a = o - -3. List the prime factors of a/9 + (-138)/(-9).
2
Let a be (-548)/10 + 3/(-15). Let o = 78 + a. What are the prime factors of o?
23
Suppose -3*h - m + 241 = 0, 54 = -2*h + m + 223. What are the prime factors of h?
2, 41
Suppose -y = -0*y + 2*s - 354, -s = 4. What are the prime factors of y?
2, 181
Suppose -a - 57 = -o, 4*a - 91 = -5*o + 194. List the prime factors of o.
3, 19
Suppose 0 = -2*w + 84 + 44. List the prime factors of w.
2
Suppose -3*p + 3*u - u - 9 = 0, 5*u - 15 = 0. Let h = 5 + p. Let g(j) = 2*j - 3. List the prime factors of g(h).
5
What are the prime factors of (-4)/10 + (-855)/(-75)?
11
Let a(x) = x**2 + 3*x + 9. List the prime factors of a(12).
3, 7
Let b be (0/(-7))/(-1 - -2). Let z be (2 + b)/(2/(-4)). What are the prime factors of ((-2)/(-3))/(z/(-96))?
2
Suppose -5*b = -4*c + 17, 6*b + 19 = 5*c + 2*b. What are the prime factors of c/(-12) + 122/8?
3, 5
Let d(x) = -x**3 - 5*x**2 - 4*x - 2. What are the prime factors of d(-5)?
2, 3
Suppose 198 = 3*v - 54. What are the prime factors of v?
2, 3, 7
Suppose 0*p = p + 1. List the prime factors of (p - -3)*-7*-1.
2, 7
What are the prime factors of 2*(-6)/(-4) + 24?
3
Suppose -k - 3*k - 4*j = -132, 151 = 5*k - 2*j. List the prime factors of k.
31
Suppose -s = 2*s - 3*m + 3, 0 = -4*m + 16. Suppose -s*i + 4 = -5*i. What are the prime factors of (i/(-5))/(1/30)?
2, 3
Suppose -3*n - 9*n + 576 = 0. What are the prime factors of n?
2, 3
Let m(k) = -k**2 - 3*k + 2. Let l be m(-3). Suppose l*s - 4*s = -30. List the prime factors of s.
3, 5
Let k(b) = -2*b + 3. Let y be k(2). Let j be (2/(-4))/(y/(-54)). Let p = j + 44. What are the prime factors of p?
17
Suppose 3*w + 2*s = -0*s + 173, 0 = 4*w - 2*s - 226. What are the prime factors of w?
3, 19
Let y = -3 - -7. Suppose 2*z - y*z = -6. Suppose 4*j - z*v - 56 = -5*v, 5*j - 75 = -5*v. List the prime factors of j.
13
Let j = -55 + -29. Let p = -39 - j. What are the prime factors of p?
3, 5
Let z be (1 - -2)*(-2)/(-2). Let h = -14 - -19. Suppose z*m = -2*t + 9, -11 - 14 = h*m. What are the prime factors of t?
2, 3
Let n be 1*(-5 - -3 - -2). Suppose -4*y + h - 2*h + 135 = n, 4*y - 3*h - 139 = 0. What are the prime factors of y?
2, 17
Let d = -15 - -27. Let j(l) be the first derivative of l**2 - 8*l - 10. List the prime factors of j(d).
2
Let o(a) = 2*a**3 - a**2 - 2*a - 1. Let d(n) = -6*n - 5 + n**2 + 2*n**2 - 2*n**2. Let v be d(7). List the prime factors of o(v).
7
Let v(w) = w**2 - w - 8. Let k be v(0). Let u = 7 + -3. Let m = u - k. What are the prime factors of m?
2, 3
Suppose -3*b - 6 + 72 = 0. What are the prime factors of b?
2, 11
Let l(j) = 30*j**2 - j. Let i be l(-1). Suppose -4*m - c = -5*c - 164, i = m + c. List the prime factors of m.
2, 3
Let r be 11*(1/1 - 0). Let q be 2/(2 + (-6)/4). Suppose 0 = -q*k - a + r, 0 = -3*k + 5*a - 2*a + 27. What are the prime factors of k?
2
Let a be 3 + -3 + 1 + -1. Let v = a - 0. What are the prime factors of 0 - 2 - (v - 9)?
7
Suppose 2*p = 72 - 4. Suppose 0*z = -2*z + p. List the prime factors of z.
17
Let i(c) = 2*c**2 + c - 3. What are the prime factors of i(-8)?
3, 13
What are the prime factors of 3354/130 - (-1)/5?
2, 13
List the prime factors of 490/12 - (-5)/30.
41
Let l(t) = t - 3. Suppose 3 - 33 = -5*w. Let j be l(w). Suppose -j*x + 42 = 3*k, -k + 5*x + 14 = k. List the prime factors of k.
2, 3
What are the prime factors of 40/6*(-96)/(-40)?
2
Suppose a = -4*l + 86, -5*a + 5*l - 32 + 512 = 0. What are the prime factors of a?
2, 47
Let d(c) be the second derivative of -c**5/20 